{"id":55,"date":"2022-05-14T21:00:07","date_gmt":"2022-05-14T19:00:07","guid":{"rendered":"https:\/\/www.sophiebrindacier.com\/?post_type=product&#038;p=55"},"modified":"2025-12-30T12:14:57","modified_gmt":"2025-12-30T11:14:57","slug":"bague-geld-5-francs-lavrillier-1933-chevaliere","status":"publish","type":"product","link":"https:\/\/www.sophiebrindacier.com\/?product=bague-geld-5-francs-lavrillier-1933-chevaliere","title":{"rendered":"Bague \u00ab\u00a0GELD\u00a0\u00bb &#8211; 5 Francs Lavrillier &#8211; 1933 &#8211; Chevali\u00e8re"},"content":{"rendered":"<p>Bague chevali\u00e8re de la collection \u00a0\u00bb GELD \u00a0\u00bb<\/p>\n<p>Monnaie de 5 Francs Lavrillier assembl\u00e9e par soudure sur un support chevalli\u00e8re r\u00e9glable.<\/p>\n<p>Ann\u00e9e de la pi\u00e8ce : 1933<\/p>\n<p>Diam\u00e8tre de la pi\u00e8ce : 31 mm<\/p>\n<p>Composition de la pi\u00e8ce : Nickel<\/p>\n<p>Description de la pi\u00e8ce : Couronne v\u00e9g\u00e9tale entourant la valeur faciale et la date<\/p>\n<p><img loading=\"lazy\" decoding=\"async\" class=\"alignnone size-medium wp-image-58\" src=\"https:\/\/www.sophiebrindacier.com\/wp-content\/uploads\/2022\/05\/telechargement-300x225.png\" alt=\"\" width=\"300\" height=\"225\" srcset=\"https:\/\/www.sophiebrindacier.com\/wp-content\/uploads\/2022\/05\/telechargement-300x225.png 300w, https:\/\/www.sophiebrindacier.com\/wp-content\/uploads\/2022\/05\/telechargement.png 540w\" sizes=\"auto, (max-width: 300px) 100vw, 300px\" \/><img loading=\"lazy\" decoding=\"async\" class=\"alignnone size-medium wp-image-56\" src=\"https:\/\/www.sophiebrindacier.com\/wp-content\/uploads\/2022\/05\/telechargement-1-300x225.png\" alt=\"\" width=\"300\" height=\"225\" srcset=\"https:\/\/www.sophiebrindacier.com\/wp-content\/uploads\/2022\/05\/telechargement-1-300x225.png 300w, https:\/\/www.sophiebrindacier.com\/wp-content\/uploads\/2022\/05\/telechargement-1.png 540w\" sizes=\"auto, (max-width: 300px) 100vw, 300px\" \/><img loading=\"lazy\" decoding=\"async\" class=\"alignnone size-medium wp-image-57\" src=\"https:\/\/www.sophiebrindacier.com\/wp-content\/uploads\/2022\/05\/telechargement-2-300x225.png\" alt=\"\" width=\"300\" height=\"225\" srcset=\"https:\/\/www.sophiebrindacier.com\/wp-content\/uploads\/2022\/05\/telechargement-2-300x225.png 300w, https:\/\/www.sophiebrindacier.com\/wp-content\/uploads\/2022\/05\/telechargement-2.png 540w\" sizes=\"auto, (max-width: 300px) 100vw, 300px\" \/><\/p>\n<p>Mod\u00e8le unisexe<\/p>\n","protected":false},"excerpt":{"rendered":"<p>Bague chevali\u00e8re de la collection \u00a0\u00bb GELD \u00a0\u00bb Monnaie de 5 Francs Lavrillier assembl\u00e9e par soudure sur un support chevalli\u00e8re r\u00e9glable. Ann\u00e9e de la pi\u00e8ce : 1933 Diam\u00e8tre de la [&hellip;]<\/p>\n","protected":false},"featured_media":0,"comment_status":"open","ping_status":"closed","template":"","meta":[],"product_brand":[],"product_cat":[19],"product_tag":[],"class_list":{"0":"post-55","1":"product","2":"type-product","3":"status-publish","5":"product_cat-uncategorized","7":"first","8":"instock","9":"shipping-taxable","10":"purchasable","11":"product-type-simple"},"_links":{"self":[{"href":"https:\/\/www.sophiebrindacier.com\/index.php?rest_route=\/wp\/v2\/product\/55","targetHints":{"allow":["GET"]}}],"collection":[{"href":"https:\/\/www.sophiebrindacier.com\/index.php?rest_route=\/wp\/v2\/product"}],"about":[{"href":"https:\/\/www.sophiebrindacier.com\/index.php?rest_route=\/wp\/v2\/types\/product"}],"replies":[{"embeddable":true,"href":"https:\/\/www.sophiebrindacier.com\/index.php?rest_route=%2Fwp%2Fv2%2Fcomments&post=55"}],"wp:attachment":[{"href":"https:\/\/www.sophiebrindacier.com\/index.php?rest_route=%2Fwp%2Fv2%2Fmedia&parent=55"}],"wp:term":[{"taxonomy":"product_brand","embeddable":true,"href":"https:\/\/www.sophiebrindacier.com\/index.php?rest_route=%2Fwp%2Fv2%2Fproduct_brand&post=55"},{"taxonomy":"product_cat","embeddable":true,"href":"https:\/\/www.sophiebrindacier.com\/index.php?rest_route=%2Fwp%2Fv2%2Fproduct_cat&post=55"},{"taxonomy":"product_tag","embeddable":true,"href":"https:\/\/www.sophiebrindacier.com\/index.php?rest_route=%2Fwp%2Fv2%2Fproduct_tag&post=55"}],"curies":[{"name":"wp","href":"https:\/\/api.w.org\/{rel}","templated":true}]}}